{"id":968,"date":"2022-09-01T20:45:45","date_gmt":"2022-09-01T18:45:45","guid":{"rendered":"https:\/\/funerailleslorthioir.be\/?page_id=968"},"modified":"2022-09-01T22:52:33","modified_gmt":"2022-09-01T20:52:33","slug":"condoleances-en-ligne","status":"publish","type":"page","link":"https:\/\/funerailleslorthioir.be\/index.php\/condoleances-en-ligne\/","title":{"rendered":"Condol\u00e9ances en ligne"},"content":{"rendered":"<div data-colibri-id=\"968-c1\" class=\"style-831 style-local-968-c1 position-relative\">\r\n  <!---->\r\n  <div data-colibri-component=\"section\" data-colibri-id=\"968-c2\" id=\"content\" class=\"h-section h-section-global-spacing d-flex align-items-lg-center align-items-md-center align-items-center style-832 style-local-968-c2 position-relative\">\r\n    <div class=\"background-wrapper\">\r\n      <div class=\"background-layer background-layer-media-container-lg\">\r\n        <div data-enabled=\"true\" data-colibri-component=\"parallax\" class=\"background-layer paraxify lazyload\" style=\"background-image:inherit;\" model-id=\"968-c2\" media=\"desktop\"\r\n          is-preview=\"true\" data-bg-image=\"url(&quot;https:\/\/funerailleslorthioir.be\/wp-content\/uploads\/2022\/05\/Depositphotos_76894607_L.jpg&quot;)\"><\/div>\r\n        <div class=\"overlay-layer\">\r\n          <div class=\"overlay-image-layer\" style=\"background-color: rgb(0, 0, 0); opacity: 0.77;\"><\/div>\r\n        <\/div>\r\n      <\/div>\r\n      <div class=\"background-layer background-layer-media-container-md\">\r\n        <div data-enabled=\"true\" data-colibri-component=\"parallax\" class=\"background-layer paraxify lazyload\" style=\"background-image:inherit;\" model-id=\"968-c2\" media=\"tablet\"\r\n          is-preview=\"true\" data-bg-image=\"url(&quot;https:\/\/funerailleslorthioir.be\/wp-content\/uploads\/2022\/05\/Depositphotos_76894607_L.jpg&quot;)\"><\/div>\r\n        <div class=\"overlay-layer\">\r\n          <div class=\"overlay-image-layer\" style=\"background-color: rgb(0, 0, 0); opacity: 0.77;\"><\/div>\r\n        <\/div>\r\n      <\/div>\r\n      <div class=\"background-layer background-layer-media-container\">\r\n        <div data-enabled=\"true\" data-colibri-component=\"parallax\" class=\"background-layer paraxify lazyload\" style=\"background-image:inherit;\" model-id=\"968-c2\" media=\"mobile\"\r\n          is-preview=\"true\" data-bg-image=\"url(&quot;https:\/\/funerailleslorthioir.be\/wp-content\/uploads\/2022\/05\/Depositphotos_76894607_L.jpg&quot;)\"><\/div>\r\n        <div class=\"overlay-layer\">\r\n          <div class=\"overlay-image-layer\" style=\"background-color: rgb(0, 0, 0); opacity: 0.77;\"><\/div>\r\n        <\/div>\r\n      <\/div>\r\n    <\/div>\r\n    <!---->\r\n    <div class=\"h-section-grid-container h-section-boxed-container\">\r\n      <!---->\r\n      <div data-colibri-id=\"968-c3\" class=\"h-row-container gutters-row-lg-2 gutters-row-md-2 gutters-row-2 gutters-row-v-lg-2 gutters-row-v-md-2 gutters-row-v-2 style-833 style-local-968-c3 position-relative\">\r\n        <!---->\r\n        <div class=\"h-row justify-content-lg-center justify-content-md-center justify-content-center align-items-lg-stretch align-items-md-stretch align-items-stretch gutters-col-lg-2 gutters-col-md-2 gutters-col-2 gutters-col-v-lg-2 gutters-col-v-md-2 gutters-col-v-2\">\r\n          <!---->\r\n          <div class=\"h-column h-column-container d-flex h-col-lg-auto h-col-md-auto h-col-auto style-834-outer style-local-968-c4-outer\">\r\n            <div data-colibri-id=\"968-c4\" class=\"d-flex h-flex-basis h-column__inner h-px-lg-0 h-px-md-2 h-px-0 v-inner-lg-0 v-inner-md-2 v-inner-0 style-834 style-local-968-c4 position-relative\">\r\n              <!---->\r\n              <!---->\r\n              <div class=\"w-100 h-y-container h-column__content h-column__v-align flex-basis-100 align-self-lg-center align-self-md-center align-self-center\">\r\n                <!---->\r\n                <div data-colibri-id=\"968-c5\" class=\"d-block style-835 style-local-968-c5 position-relative h-element\">\r\n                  <!---->\r\n                  <div class=\"h-image__frame-container-outer\">\r\n                    <div class=\"h-image__frame-container\">\r\n                      <!---->\r\n                      <!---->\r\n                      <img decoding=\"async\" data-src=\"https:\/\/funerailleslorthioir.be\/wp-content\/uploads\/2022\/05\/cropped-colibri-image-251.png\" class=\"wp-image-692 style-835-image style-local-968-c5-image lazyload\" alt=\"\" src=\"data:image\/svg+xml;base64,PHN2ZyB3aWR0aD0iMSIgaGVpZ2h0PSIxIiB4bWxucz0iaHR0cDovL3d3dy53My5vcmcvMjAwMC9zdmciPjwvc3ZnPg==\" \/>\r\n                      <div class=\"h-image__frame h-hide-sm style-835-frameImage style-local-968-c5-frameImage\"><\/div>\r\n                    <\/div>\r\n                  <\/div>\r\n                <\/div>\r\n              <\/div>\r\n            <\/div>\r\n          <\/div>\r\n          <div class=\"h-column h-column-container d-flex h-col-lg-auto h-col-md-auto h-col-auto style-836-outer style-local-968-c6-outer\">\r\n            <div data-colibri-id=\"968-c6\" class=\"d-flex h-flex-basis h-column__inner h-px-lg-0 h-px-md-0 h-px-2 v-inner-lg-0 v-inner-md-0 v-inner-2 style-836 style-local-968-c6 position-relative\">\r\n              <!---->\r\n              <!---->\r\n              <div class=\"w-100 h-y-container h-column__content h-column__v-align flex-basis-100 align-self-lg-center align-self-md-center align-self-center\">\r\n                <!---->\r\n                <div data-colibri-id=\"968-c7\" class=\"h-global-transition-all h-heading style-837 style-local-968-c7 position-relative h-element\">\r\n                  <!---->\r\n                  <div class=\"h-heading__outer style-837 style-local-968-c7\">\r\n                    <!---->\r\n                    <!---->\r\n                    <h3 class=\"\">\r\n                      <u>Monsieur Jean-Jacques DUPONT<\/u>\r\n                    <\/h3>\r\n                  <\/div>\r\n                <\/div>\r\n                <div data-colibri-id=\"968-c8\" class=\"h-text h-text-component style-838 style-local-968-c8 position-relative h-element\">\r\n                  <!---->\r\n                  <!---->\r\n                  <div class=\"\">\r\n                    <p><span style=\"color: rgb(255, 255, 255);\">Veuf de Madame Josiane DUCHEMIN<\/span><span style=\"color: rgb(255, 255, 255);\"><br>N\u00e9 \u00e0 Bruxelles, le 5 d\u00e9cembre 1954<br>D\u00e9c\u00e9d\u00e9 \u00e0 Li\u00e8ge, le 6 mai 2022<\/span><\/p>\r\n                  <\/div>\r\n                <\/div>\r\n                <div data-colibri-id=\"968-c9\" class=\"h-row-container gutters-row-lg-0 gutters-row-md-0 gutters-row-2 gutters-row-v-lg-0 gutters-row-v-md-0 gutters-row-v-0 style-839 style-local-968-c9 position-relative\">\r\n                  <!---->\r\n                  <div class=\"h-row justify-content-lg-center justify-content-md-center justify-content-center align-items-lg-stretch align-items-md-stretch align-items-stretch gutters-col-lg-0 gutters-col-md-0 gutters-col-2 gutters-col-v-lg-0 gutters-col-v-md-0 gutters-col-v-0\">\r\n                    <!---->\r\n                    <div class=\"h-column h-column-container d-flex h-col-lg h-col-md h-col-auto style-840-outer style-local-968-c10-outer\">\r\n                      <div data-colibri-id=\"968-c10\" class=\"d-flex h-flex-basis h-column__inner h-px-lg-1 h-px-md-1 h-px-1 v-inner-lg-1 v-inner-md-1 v-inner-1 style-840 style-local-968-c10 position-relative\">\r\n                        <!---->\r\n                        <!---->\r\n                        <div class=\"w-100 h-y-container h-column__content h-column__v-align flex-basis-100 align-self-lg-start align-self-md-start align-self-start\">\r\n                          <!---->\r\n                          <div data-colibri-id=\"968-c11\" class=\"h-global-transition-all h-heading style-841 style-local-968-c11 position-relative h-element\">\r\n                            <!---->\r\n                            <div class=\"h-heading__outer style-841 style-local-968-c11\">\r\n                              <!---->\r\n                              <!---->\r\n                              <h4 class=\"\">Lieu de repos<\/h4>\r\n                            <\/div>\r\n                          <\/div>\r\n                          <div data-colibri-id=\"968-c12\" class=\"h-text h-text-component style-842 style-local-968-c12 position-relative h-element\">\r\n                            <!---->\r\n                            <!---->\r\n                            <div class=\"\">\r\n                              <p><span style=\"color: rgb(255, 255, 255);\">Fun\u00e9rarium Lorthioir \u00e0 7000 Mons, Rue de la gare 65<\/span><\/p>\r\n                            <\/div>\r\n                          <\/div>\r\n                        <\/div>\r\n                      <\/div>\r\n                    <\/div>\r\n                  <\/div>\r\n                <\/div>\r\n                <div data-colibri-id=\"968-c13\" class=\"h-row-container gutters-row-lg-0 gutters-row-md-0 gutters-row-2 gutters-row-v-lg-0 gutters-row-v-md-0 gutters-row-v-0 style-839 style-local-968-c13 position-relative\">\r\n                  <!---->\r\n                  <div class=\"h-row justify-content-lg-center justify-content-md-center justify-content-center align-items-lg-stretch align-items-md-stretch align-items-stretch gutters-col-lg-0 gutters-col-md-0 gutters-col-2 gutters-col-v-lg-0 gutters-col-v-md-0 gutters-col-v-0\">\r\n                    <!---->\r\n                    <div class=\"h-column h-column-container d-flex h-col-lg h-col-md h-col-auto style-840-outer style-local-968-c14-outer\">\r\n                      <div data-colibri-id=\"968-c14\" class=\"d-flex h-flex-basis h-column__inner h-px-lg-1 h-px-md-1 h-px-1 v-inner-lg-1 v-inner-md-1 v-inner-1 style-840 style-local-968-c14 position-relative\">\r\n                        <!---->\r\n                        <!---->\r\n                        <div class=\"w-100 h-y-container h-column__content h-column__v-align flex-basis-100 align-self-lg-start align-self-md-start align-self-start\">\r\n                          <!---->\r\n                          <div data-colibri-id=\"968-c15\" class=\"h-global-transition-all h-heading style-841 style-local-968-c15 position-relative h-element\">\r\n                            <!---->\r\n                            <div class=\"h-heading__outer style-841 style-local-968-c15\">\r\n                              <!---->\r\n                              <!---->\r\n                              <h4 class=\"\">Visites<\/h4>\r\n                            <\/div>\r\n                          <\/div>\r\n                          <div data-colibri-id=\"968-c16\" class=\"h-text h-text-component style-842 style-local-968-c16 position-relative h-element\">\r\n                            <!---->\r\n                            <!---->\r\n                            <div class=\"\">\r\n                              <p><span style=\"color: rgb(255, 255, 255);\">Lundi 8 mai de 17h00 \u00e0 19h00<br>Mardi 9 mai de 17h00 \u00e0 19h00<br>Mercredi 10 mai de 17h00 \u00e0 19h00<\/span><\/p>\r\n                            <\/div>\r\n                          <\/div>\r\n                        <\/div>\r\n                      <\/div>\r\n                    <\/div>\r\n                  <\/div>\r\n                <\/div>\r\n                <div data-colibri-id=\"968-c17\" class=\"h-row-container gutters-row-lg-0 gutters-row-md-0 gutters-row-2 gutters-row-v-lg-0 gutters-row-v-md-0 gutters-row-v-0 style-839 style-local-968-c17 position-relative\">\r\n                  <!---->\r\n                  <div class=\"h-row justify-content-lg-center justify-content-md-center justify-content-center align-items-lg-stretch align-items-md-stretch align-items-stretch gutters-col-lg-0 gutters-col-md-0 gutters-col-2 gutters-col-v-lg-0 gutters-col-v-md-0 gutters-col-v-0\">\r\n                    <!---->\r\n                    <div class=\"h-column h-column-container d-flex h-col-lg h-col-md h-col-auto style-840-outer style-local-968-c18-outer\">\r\n                      <div data-colibri-id=\"968-c18\" class=\"d-flex h-flex-basis h-column__inner h-px-lg-1 h-px-md-1 h-px-1 v-inner-lg-1 v-inner-md-1 v-inner-1 style-840 style-local-968-c18 position-relative\">\r\n                        <!---->\r\n                        <!---->\r\n                        <div class=\"w-100 h-y-container h-column__content h-column__v-align flex-basis-100 align-self-lg-start align-self-md-start align-self-start\">\r\n                          <!---->\r\n                          <div data-colibri-id=\"968-c19\" class=\"h-global-transition-all h-heading style-841 style-local-968-c19 position-relative h-element\">\r\n                            <!---->\r\n                            <div class=\"h-heading__outer style-841 style-local-968-c19\">\r\n                              <!---->\r\n                              <!---->\r\n                              <h4 class=\"\">Fun\u00e9railles<\/h4>\r\n                            <\/div>\r\n                          <\/div>\r\n                          <div data-colibri-id=\"968-c20\" class=\"h-text h-text-component style-842 style-local-968-c20 position-relative h-element\">\r\n                            <!---->\r\n                            <!---->\r\n                            <div class=\"\">\r\n                              <p><span style=\"color: rgb(255, 255, 255);\">R\u00e9union au fun\u00e9rarium Lorthioir le jeudi 11 mai \u00e0 10h30.<br>Eglise Saint-Christophe de Leuze le lundi 11 mai \u00e0 11h00.<br>Cr\u00e9matorium de Dour le lundi 11 mai \u00e0 12h30.<\/span><\/p>\r\n                            <\/div>\r\n                          <\/div>\r\n                        <\/div>\r\n                      <\/div>\r\n                    <\/div>\r\n                  <\/div>\r\n                <\/div>\r\n              <\/div>\r\n            <\/div>\r\n          <\/div>\r\n        <\/div>\r\n      <\/div>\r\n    <\/div>\r\n  <\/div>\r\n<\/div>","protected":false},"excerpt":{"rendered":"<p>Monsieur Jean-Jacques DUPONT Veuf de Madame Josiane DUCHEMINN\u00e9 \u00e0 Bruxelles, le 5 d\u00e9cembre 1954D\u00e9c\u00e9d\u00e9 \u00e0 Li\u00e8ge, le 6 mai 2022 Lieu de repos Fun\u00e9rarium Lorthioir \u00e0 7000 Mons, Rue de la gare 65 Visites Lundi 8 mai de 17h00 \u00e0 19h00Mardi 9 mai de 17h00 \u00e0 19h00Mercredi 10 mai de 17h00 \u00e0 19h00 Fun\u00e9railles R\u00e9union [&hellip;]<\/p>\n","protected":false},"author":2,"featured_media":0,"parent":0,"menu_order":0,"comment_status":"closed","ping_status":"closed","template":"page-templates\/page-defunt.php","meta":{"_monsterinsights_skip_tracking":false,"_monsterinsights_sitenote_active":false,"_monsterinsights_sitenote_note":"","_monsterinsights_sitenote_category":0,"footnotes":""},"class_list":["post-968","page","type-page","status-publish","hentry"],"_links":{"self":[{"href":"https:\/\/funerailleslorthioir.be\/index.php\/wp-json\/wp\/v2\/pages\/968","targetHints":{"allow":["GET"]}}],"collection":[{"href":"https:\/\/funerailleslorthioir.be\/index.php\/wp-json\/wp\/v2\/pages"}],"about":[{"href":"https:\/\/funerailleslorthioir.be\/index.php\/wp-json\/wp\/v2\/types\/page"}],"author":[{"embeddable":true,"href":"https:\/\/funerailleslorthioir.be\/index.php\/wp-json\/wp\/v2\/users\/2"}],"replies":[{"embeddable":true,"href":"https:\/\/funerailleslorthioir.be\/index.php\/wp-json\/wp\/v2\/comments?post=968"}],"version-history":[{"count":4,"href":"https:\/\/funerailleslorthioir.be\/index.php\/wp-json\/wp\/v2\/pages\/968\/revisions"}],"predecessor-version":[{"id":1003,"href":"https:\/\/funerailleslorthioir.be\/index.php\/wp-json\/wp\/v2\/pages\/968\/revisions\/1003"}],"wp:attachment":[{"href":"https:\/\/funerailleslorthioir.be\/index.php\/wp-json\/wp\/v2\/media?parent=968"}],"curies":[{"name":"wp","href":"https:\/\/api.w.org\/{rel}","templated":true}]}}

Condoléances en ligne

<div data-colibri-id="968-c1" class="style-831 style-local-968-c1 position-relative">
  <!---->
  <div data-colibri-component="section" data-colibri-id="968-c2" id="content" class="h-section h-section-global-spacing d-flex align-items-lg-center align-items-md-center align-items-center style-832 style-local-968-c2 position-relative">
    <div class="background-wrapper">
      <div class="background-layer background-layer-media-container-lg">
        <div data-enabled="true" data-colibri-component="parallax" class="background-layer paraxify lazyload" style="background-image:inherit;" model-id="968-c2" media="desktop"
          is-preview="true" data-bg-image="url(&quot;https://funerailleslorthioir.be/wp-content/uploads/2022/05/Depositphotos_76894607_L.jpg&quot;)"></div>
        <div class="overlay-layer">
          <div class="overlay-image-layer" style="background-color: rgb(0, 0, 0); opacity: 0.77;"></div>
        </div>
      </div>
      <div class="background-layer background-layer-media-container-md">
        <div data-enabled="true" data-colibri-component="parallax" class="background-layer paraxify lazyload" style="background-image:inherit;" model-id="968-c2" media="tablet"
          is-preview="true" data-bg-image="url(&quot;https://funerailleslorthioir.be/wp-content/uploads/2022/05/Depositphotos_76894607_L.jpg&quot;)"></div>
        <div class="overlay-layer">
          <div class="overlay-image-layer" style="background-color: rgb(0, 0, 0); opacity: 0.77;"></div>
        </div>
      </div>
      <div class="background-layer background-layer-media-container">
        <div data-enabled="true" data-colibri-component="parallax" class="background-layer paraxify lazyload" style="background-image:inherit;" model-id="968-c2" media="mobile"
          is-preview="true" data-bg-image="url(&quot;https://funerailleslorthioir.be/wp-content/uploads/2022/05/Depositphotos_76894607_L.jpg&quot;)"></div>
        <div class="overlay-layer">
          <div class="overlay-image-layer" style="background-color: rgb(0, 0, 0); opacity: 0.77;"></div>
        </div>
      </div>
    </div>
    <!---->
    <div class="h-section-grid-container h-section-boxed-container">
      <!---->
      <div data-colibri-id="968-c3" class="h-row-container gutters-row-lg-2 gutters-row-md-2 gutters-row-2 gutters-row-v-lg-2 gutters-row-v-md-2 gutters-row-v-2 style-833 style-local-968-c3 position-relative">
        <!---->
        <div class="h-row justify-content-lg-center justify-content-md-center justify-content-center align-items-lg-stretch align-items-md-stretch align-items-stretch gutters-col-lg-2 gutters-col-md-2 gutters-col-2 gutters-col-v-lg-2 gutters-col-v-md-2 gutters-col-v-2">
          <!---->
          <div class="h-column h-column-container d-flex h-col-lg-auto h-col-md-auto h-col-auto style-834-outer style-local-968-c4-outer">
            <div data-colibri-id="968-c4" class="d-flex h-flex-basis h-column__inner h-px-lg-0 h-px-md-2 h-px-0 v-inner-lg-0 v-inner-md-2 v-inner-0 style-834 style-local-968-c4 position-relative">
              <!---->
              <!---->
              <div class="w-100 h-y-container h-column__content h-column__v-align flex-basis-100 align-self-lg-center align-self-md-center align-self-center">
                <!---->
                <div data-colibri-id="968-c5" class="d-block style-835 style-local-968-c5 position-relative h-element">
                  <!---->
                  <div class="h-image__frame-container-outer">
                    <div class="h-image__frame-container">
                      <!---->
                      <!---->
                      <img decoding="async" data-src="https://funerailleslorthioir.be/wp-content/uploads/2022/05/cropped-colibri-image-251.png" class="wp-image-692 style-835-image style-local-968-c5-image lazyload" alt="" src="data:image/svg+xml;base64,PHN2ZyB3aWR0aD0iMSIgaGVpZ2h0PSIxIiB4bWxucz0iaHR0cDovL3d3dy53My5vcmcvMjAwMC9zdmciPjwvc3ZnPg==" />
                      <div class="h-image__frame h-hide-sm style-835-frameImage style-local-968-c5-frameImage"></div>
                    </div>
                  </div>
                </div>
              </div>
            </div>
          </div>
          <div class="h-column h-column-container d-flex h-col-lg-auto h-col-md-auto h-col-auto style-836-outer style-local-968-c6-outer">
            <div data-colibri-id="968-c6" class="d-flex h-flex-basis h-column__inner h-px-lg-0 h-px-md-0 h-px-2 v-inner-lg-0 v-inner-md-0 v-inner-2 style-836 style-local-968-c6 position-relative">
              <!---->
              <!---->
              <div class="w-100 h-y-container h-column__content h-column__v-align flex-basis-100 align-self-lg-center align-self-md-center align-self-center">
                <!---->
                <div data-colibri-id="968-c7" class="h-global-transition-all h-heading style-837 style-local-968-c7 position-relative h-element">
                  <!---->
                  <div class="h-heading__outer style-837 style-local-968-c7">
                    <!---->
                    <!---->
                    <h3 class="">
                      <u>Monsieur Jean-Jacques DUPONT</u>
                    </h3>
                  </div>
                </div>
                <div data-colibri-id="968-c8" class="h-text h-text-component style-838 style-local-968-c8 position-relative h-element">
                  <!---->
                  <!---->
                  <div class="">
                    <p><span style="color: rgb(255, 255, 255);">Veuf de Madame Josiane DUCHEMIN</span><span style="color: rgb(255, 255, 255);"><br>Né à Bruxelles, le 5 décembre 1954<br>Décédé à Liège, le 6 mai 2022</span></p>
                  </div>
                </div>
                <div data-colibri-id="968-c9" class="h-row-container gutters-row-lg-0 gutters-row-md-0 gutters-row-2 gutters-row-v-lg-0 gutters-row-v-md-0 gutters-row-v-0 style-839 style-local-968-c9 position-relative">
                  <!---->
                  <div class="h-row justify-content-lg-center justify-content-md-center justify-content-center align-items-lg-stretch align-items-md-stretch align-items-stretch gutters-col-lg-0 gutters-col-md-0 gutters-col-2 gutters-col-v-lg-0 gutters-col-v-md-0 gutters-col-v-0">
                    <!---->
                    <div class="h-column h-column-container d-flex h-col-lg h-col-md h-col-auto style-840-outer style-local-968-c10-outer">
                      <div data-colibri-id="968-c10" class="d-flex h-flex-basis h-column__inner h-px-lg-1 h-px-md-1 h-px-1 v-inner-lg-1 v-inner-md-1 v-inner-1 style-840 style-local-968-c10 position-relative">
                        <!---->
                        <!---->
                        <div class="w-100 h-y-container h-column__content h-column__v-align flex-basis-100 align-self-lg-start align-self-md-start align-self-start">
                          <!---->
                          <div data-colibri-id="968-c11" class="h-global-transition-all h-heading style-841 style-local-968-c11 position-relative h-element">
                            <!---->
                            <div class="h-heading__outer style-841 style-local-968-c11">
                              <!---->
                              <!---->
                              <h4 class="">Lieu de repos</h4>
                            </div>
                          </div>
                          <div data-colibri-id="968-c12" class="h-text h-text-component style-842 style-local-968-c12 position-relative h-element">
                            <!---->
                            <!---->
                            <div class="">
                              <p><span style="color: rgb(255, 255, 255);">Funérarium Lorthioir à 7000 Mons, Rue de la gare 65</span></p>
                            </div>
                          </div>
                        </div>
                      </div>
                    </div>
                  </div>
                </div>
                <div data-colibri-id="968-c13" class="h-row-container gutters-row-lg-0 gutters-row-md-0 gutters-row-2 gutters-row-v-lg-0 gutters-row-v-md-0 gutters-row-v-0 style-839 style-local-968-c13 position-relative">
                  <!---->
                  <div class="h-row justify-content-lg-center justify-content-md-center justify-content-center align-items-lg-stretch align-items-md-stretch align-items-stretch gutters-col-lg-0 gutters-col-md-0 gutters-col-2 gutters-col-v-lg-0 gutters-col-v-md-0 gutters-col-v-0">
                    <!---->
                    <div class="h-column h-column-container d-flex h-col-lg h-col-md h-col-auto style-840-outer style-local-968-c14-outer">
                      <div data-colibri-id="968-c14" class="d-flex h-flex-basis h-column__inner h-px-lg-1 h-px-md-1 h-px-1 v-inner-lg-1 v-inner-md-1 v-inner-1 style-840 style-local-968-c14 position-relative">
                        <!---->
                        <!---->
                        <div class="w-100 h-y-container h-column__content h-column__v-align flex-basis-100 align-self-lg-start align-self-md-start align-self-start">
                          <!---->
                          <div data-colibri-id="968-c15" class="h-global-transition-all h-heading style-841 style-local-968-c15 position-relative h-element">
                            <!---->
                            <div class="h-heading__outer style-841 style-local-968-c15">
                              <!---->
                              <!---->
                              <h4 class="">Visites</h4>
                            </div>
                          </div>
                          <div data-colibri-id="968-c16" class="h-text h-text-component style-842 style-local-968-c16 position-relative h-element">
                            <!---->
                            <!---->
                            <div class="">
                              <p><span style="color: rgb(255, 255, 255);">Lundi 8 mai de 17h00 à 19h00<br>Mardi 9 mai de 17h00 à 19h00<br>Mercredi 10 mai de 17h00 à 19h00</span></p>
                            </div>
                          </div>
                        </div>
                      </div>
                    </div>
                  </div>
                </div>
                <div data-colibri-id="968-c17" class="h-row-container gutters-row-lg-0 gutters-row-md-0 gutters-row-2 gutters-row-v-lg-0 gutters-row-v-md-0 gutters-row-v-0 style-839 style-local-968-c17 position-relative">
                  <!---->
                  <div class="h-row justify-content-lg-center justify-content-md-center justify-content-center align-items-lg-stretch align-items-md-stretch align-items-stretch gutters-col-lg-0 gutters-col-md-0 gutters-col-2 gutters-col-v-lg-0 gutters-col-v-md-0 gutters-col-v-0">
                    <!---->
                    <div class="h-column h-column-container d-flex h-col-lg h-col-md h-col-auto style-840-outer style-local-968-c18-outer">
                      <div data-colibri-id="968-c18" class="d-flex h-flex-basis h-column__inner h-px-lg-1 h-px-md-1 h-px-1 v-inner-lg-1 v-inner-md-1 v-inner-1 style-840 style-local-968-c18 position-relative">
                        <!---->
                        <!---->
                        <div class="w-100 h-y-container h-column__content h-column__v-align flex-basis-100 align-self-lg-start align-self-md-start align-self-start">
                          <!---->
                          <div data-colibri-id="968-c19" class="h-global-transition-all h-heading style-841 style-local-968-c19 position-relative h-element">
                            <!---->
                            <div class="h-heading__outer style-841 style-local-968-c19">
                              <!---->
                              <!---->
                              <h4 class="">Funérailles</h4>
                            </div>
                          </div>
                          <div data-colibri-id="968-c20" class="h-text h-text-component style-842 style-local-968-c20 position-relative h-element">
                            <!---->
                            <!---->
                            <div class="">
                              <p><span style="color: rgb(255, 255, 255);">Réunion au funérarium Lorthioir le jeudi 11 mai à 10h30.<br>Eglise Saint-Christophe de Leuze le lundi 11 mai à 11h00.<br>Crématorium de Dour le lundi 11 mai à 12h30.</span></p>
                            </div>
                          </div>
                        </div>
                      </div>
                    </div>
                  </div>
                </div>
              </div>
            </div>
          </div>
        </div>
      </div>
    </div>
  </div>
</div>

<p>Monsieur Jean-Jacques DUPONT Veuf de Madame Josiane DUCHEMINNé à Bruxelles, le 5 décembre 1954Décédé à Liège, le 6 mai 2022 Lieu de repos Funérarium Lorthioir à 7000 Mons, Rue de la gare 65 Visites Lundi 8 mai de 17h00 à 19h00Mardi 9 mai de 17h00 à 19h00Mercredi 10 mai de 17h00 à 19h00 Funérailles Réunion [&hellip;]</p>
